2?
False
Does 221 divide 2322642?
False
Is 97509 a multiple of 59?
False
Is 866594 a multiple of 14?
False
Does 37 divide 8716361?
False
Does 208 divide 3795234?
False
Is 13 a factor of 7689?
False
Does 12 divide 22398?
False
Does 984 divide 2384544?
False
Is 4 a factor of 7074?
False
Is 228604 a multiple of 23?
False
Does 14 divide 211512?
True
Is 3907631 a multiple of 9?
False
Is 353058 a multiple of 7?
False
Is 31154 a multiple of 74?
True
Is 12 a factor of 4279422?
False
Does 91 divide 1820000?
True
Is 7065366 a multiple of 373?
True
Is 3003339 a multiple of 17?
True
Does 274 divide 223310?
True
Is 751 a factor of 1001834?
True
Does 10 divide 87650?
True
Is 105 a factor of 25154?
False
Does 16 divide 993450?
False
Is 475642 a multiple of 514?
False
Does 281 divide 85986?
True
Does 2 divide 84805?
False
Is 52 a factor of 69004?
True
Is 15 a factor of 2173934?
False
Does 21 divide 365547?
True
Is 266 a factor of 91630?
False
Is 8 a factor of 106321?
False
Is 150 a factor of 1864800?
True
Is 420624 a multiple of 414?
True
Is 1005 a factor of 1144695?
True
Does 66 divide 127197?
False
Does 14 divide 6859?
False
Is 175 a factor of 115500?
True
Is 63308 a multiple of 49?
True
Does 73 divide 20309?
False
Is 6063136 a multiple of 890?
False
Is 906045 a multiple of 65?
False
Is 33192 a multiple of 3?
True
Does 310 divide 24652440?
True
Is 645 a factor of 403380?
False
Is 2121538 a multiple of 170?
False
Is 11 a factor of 291517?
False
Is 7 a factor of 667116?
False
Is 700 a factor of 9860258?
False
Does 153 divide 15300?
True
Does 127 divide 526796?
True
Does 4 divide 228328?
True
Does 3 divide 3847?
False
Does 3 divide 121294?
False
Does 22 divide 66551?
False
Does 15 divide 149415?
True
Is 7031807 a multiple of 57?
False
Does 30 divide 12449105?
False
Is 5595837 a multiple of 12?
False
Does 65 divide 552621?
False
Is 4 a factor of 1904705?
False
Is 415 a factor of 178450?
True
Does 266 divide 9871193?
False
Is 86 a factor of 268240?
False
Is 39 a factor of 249210?
True
Is 12 a factor of 463621?
False
Does 492 divide 4447032?
False
Is 13 a factor of 1516840?
True
Is 110889 a multiple of 9?
True
Is 48712 a multiple of 5?
False
Is 147831 a multiple of 30?
False
Is 532 a factor of 963984?
True
Does 24 divide 508918?
False
Does 16 divide 22144?
True
Is 5 a factor of 103779?
False
Is 289080 a multiple of 198?
True
Is 1051128 a multiple of 117?
True
Does 12 divide 8640786?
False
Is 478 a factor of 2697832?
True
Is 12724 a multiple of 189?
False
Is 88 a factor of 17062584?
True
Is 922388 a multiple of 3?
False
Is 406 a factor of 679873?
False
Is 51765 a multiple of 145?
True
Is 7 a factor of 21651?
True
Is 3 a factor of 16197?
True
Is 1564555 a multiple of 215?
True
Is 4190526 a multiple of 778?
False
Is 267755 a multiple of 18?
False
Does 256 divide 40277?
False
Is 33 a factor of 9850?
False
Is 38150 a multiple of 27?
False
Is 169963 a multiple of 95?
False
Is 2615199 a multiple of 50?
False
Is 28 a factor of 2464?
True
Does 13 divide 458873?
False
Is 32 a factor of 1260160?
True
Does 66 divide 214302?
True
Does 222 divide 669774?
True
Is 23 a factor of 2892112?
True
Does 490 divide 296940?
True
Is 88 a factor of 1459009?
False
Is 3260847 a multiple of 824?
False
Does 1149 divide 3547813?
False
Is 639283 a multiple of 353?
True
Is 87 a factor of 154686?
True
Is 38483 even?
False
Is 383163 a multiple of 51?
True
Is 30066 a multiple of 187?
False
Is 13 a factor of 4776629?
True
Does 2283 divide 15097479?
True
Is 2786866 a multiple of 2?
True
Is 139558 a multiple of 22?
False
Does 12 divide 482124?
True
Does 8 divide 2526637?
False
Is 731957 a multiple of 53?
False
Is 10 a factor of 101400?
True
Is 613 a factor of 3244609?
True
Is 170496 a multiple of 18?
True
Is 6574236 a multiple of 46?
False
Is 247 a factor of 24900?
False
Is 121044 a multiple of 213?
False
Does 14 divide 1745786?
True
Does 4 divide 1812365?
False
Is 229 a factor of 5636?
False
Does 7 divide 53095?
True
Does 172 divide 6684506?
False
Is 87607 a multiple of 299?
True
Does 61 divide 513010?
True
Is 18 a factor of 1301814?
True
Is 140832 a multiple of 144?
True
Is 1248856 a multiple of 8?
True
Is 384 a factor of 262714?
False
Is 1100 a factor of 3205400?
True
Is 5010552 a multiple of 72?
True
Does 331 divide 237851?
False
Is 39 a factor of 207297?
False
Is 15 a factor of 47133?
False
Is 3772249 a multiple of 635?
False
Is 377 a factor of 55796?
True
Is 83 a factor of 234807?
True
Is 12 a factor of 639490?
False
Does 183 divide 4489921?
False
Is 773232 a multiple of 1068?
True
Is 15 a factor of 253288?
False
Is 23 a factor of 3746332?
True
Is 44 a factor of 237820?
True
Is 152889 a multiple of 6?
False
Is 247 a factor of 3786016?
True
Is 25564 a multiple of 7?
True
Is 2349548 a multiple of 45?
False
Does 7 divide 71480?
False
Does 15 divide 1478355?
True
Is 18 a factor of 182952?
True
Is 754610 a multiple of 295?
True
Is 140901 a multiple of 250?
False
Is 3822784 a multiple of 112?
True
Is 76 a factor of 425904?
True
Is 39 a factor of 16288584?
True
Is 69 a factor of 309696?
False
Is 414564 a multiple of 14?
False
Does 23 divide 3875544?
False
Does 19 divide 793041?
True
Is 1377578 a multiple of 115?
False
Does 1379 divide 18150058?
False
Does 7 divide 40348?
True
Is 4 a factor of 1856571?
False
Is 1340495 a multiple of 65?
True
Is 7172522 a multiple of 145?
False
Does 65 divide 12935?
True
Does 5 divide 1632740?
True
Is 91952 a multiple of 28?
True
Is 167 a factor of 12358?
True
Does 11 divide 437305?
True
Is 162384 a multiple of 6?
True
Does 38 divide 112974?
True
Does 13 divide 520053?
False
Does 224 divide 470624?
True
Is 357686 a multiple of 14?
True
Is 106829 a multiple of 12?
False
Does 19 divide 122569?
True
Does 301 divide 3584516?
False
Is 32 a factor of 136098?
False
Does 6 divide 2181300?
True
Is 558542 a multiple of 193?
True
Is 22620 a multiple of 32?
False
Is 39 a factor of 196482?
True
Is 1971194 a multiple of 5?
False
Is 345536 a multiple of 381?
False
Is 680255 a multiple of 8?
False
Is 136 a factor of 3978000?
True
Is 2350900 a multiple of 382?
False
Is 19027541 a multiple of 878?
False
Is 832 a factor of 5692304?
False
Does 18 divide 633060?
True
Is 1133460 a multiple of 82?
False
Does 722 divide 2455904?
False
Does 19 divide 38949?
False
Is 94 a factor of 19550?
False
Does 87 divide 242730?
True
Does 197 divide 574058?
True
Is 802 a factor of 1373024?
True
Is 345 a factor of 373290?
True
Is 75 a factor of 135675?
True
Is 253 a factor of 792396?
True
Is 124542 a multiple of 66?
True
Is 5 a factor of 4918?
False
Is 61 a factor of 56120?
True
Is 42 a factor of 5279153?
False
Is 82 a factor of 150470?
True
Is 205190 a multiple of 42?
False
Is 41 a factor of 8877788?
False
Does 45 divide 14617440?
True
Is 965352 a multiple of 348?
True
Does 450 divide 14219463?
False
Is 314280 a multiple of 90?
True
Is 3535 a multiple of 19?
False
Does 64 divide 2902873?
False
Is 22 a factor of 2811921?
False
Is 417 a factor of 241685?
False
Does 29 divide 63597?
True
Is 15 a factor of 71145?
True
Does 61 divide 1428986?
True
Is 309 a multiple of 21?
False
Is 11 a factor of 380710?
True
Does 47 divide 22692869?
True
Is 36 a factor of 653381?
False
Is 395862 a multiple of 34?
True
Does 18 divide 28374?
False
Is 565 a factor of 4321349?
False
Does 527 divide 711389?
False
Does 463 divide 1060270?
True
Is 23 a factor of 1132279?
False
Does 4 divide 35085?
False
Does 160 divide 648224?
False
Does 122 divide 531798?
True
Does 48 divide 13651776?
True
Is 123 a factor of 35795?
False
Is 1343 a factor of 8637009?
False
Does 75 divide 127500?
True
Does 84 divide 170123?
False
Is 22078 a multiple of 266?
True
Is 5 a factor of 316495?
True
Is 41 a factor of 458626?
True
Does 27 divide 4099824?
False
Does 312 divide 25058592?
True
Is 205080 a multiple of 12?
True
Is 116 a factor of 3200440?
True
Is 476777 a multiple of 111?
False
Is 13 a factor of 535821?
True
Does 121 divide 104423?
True
Is 188560 a multiple of 120?
False
Is 20515411 a multiple of 1075?
False
Is 2038459 a multiple of 173?
True
Is 8 a factor of 414763?
False
Does 292 divide 303972?
True
Is 39 a factor of 797064?
False
Is 55 a factor of 3568982?
False
Is 23405 a multiple of 2?
False
Is 132770 a multiple of 110?
True
Does 3 divide 29